{"id":15,"date":"2014-12-22T08:56:25","date_gmt":"2014-12-22T08:56:25","guid":{"rendered":"http:\/\/oestanby.weltengeist.de\/www2\/?page_id=15"},"modified":"2019-06-25T09:31:33","modified_gmt":"2019-06-25T09:31:33","slug":"ueber-uns","status":"publish","type":"page","link":"https:\/\/home.xn--stanby-vxa.de\/?page_id=15","title":{"rendered":"\u00dcber uns"},"content":{"rendered":"<p style=\"text-align: justify;\"><span class=\"ff2 fc0 fs10 \">\u00d6stanby ist eine Gruppe, die es sich zum Ziel gesetzt hat, Wikinger und Rus im Liverollenspiel (LARP) darzustellen. Wir sind bem\u00fcht die Darstellung zu einem gro\u00dfen Teil an historischen Vorlagen, was Ausr\u00fcstung, Kleidung und Charakterspiel betrifft, anzulehnen. Bei uns kommt es folglich mehr auf passende Kleidung, tolles Ambiente und sch\u00f6nes Rollenspiel, als auf eine dicke R\u00fcstungen an.<\/span><\/p>\n<p style=\"text-align: justify;\"><span class=\"ff2 fc0 fs10 \">Als kleine Hilfe f\u00fcr die Charaktererstellung eines Nordmanns\/Rus, wie wir ihn bespielen, empfehlen wir eine <a href=\"http:\/\/www.das-grosse-heer.de\/Wikka\/PlayerGuide\"> \u00bbkleine Lekt\u00fcre\u00ab <\/a>. Zus\u00e4tzlich lassen wir slawische bzw. Reitervolk-Z\u00fcge (z.B. Magyaren oder Petschenegen) in unsere Charakt\u00e4re einflie\u00dfen, da unser fiktiver Siedlungsraum im LARP, im historischen Kontext, im Bereich des n\u00f6rdlichen Schwarzmeerraums zu finden ist (zwischen Bug und Dnjepr). Dies betrifft Waffen (z.B. Reiterb\u00f6gen), Sprache, Br\u00e4uche und nat\u00fcrlich ein wenig die Kleidung.<\/span><\/p>\n<p style=\"text-align: justify;\"><span class=\"ff2 fc0 fs10 \">Unsere Spieler <\/span><span class=\"ff1 fc0 fs10 \">kommen haupts\u00e4chlich aus dem Raum (S\u00fcd-) Niedersachsen und angrenzender Bundesl\u00e4nder.<br \/>\n<\/span><span class=\"ff2 fc0 fs10 \">Wenn Du Lust hast unsere Gruppe zu verst\u00e4rken, melde Dich in unserem <a title=\"Forum\" href=\"http:\/\/forum.\u00f6stanby.de\/index.php\" target=\"_blank\" rel=\"noopener noreferrer\">Forum<\/a>.<br \/>\n<\/span><\/p>\n","protected":false},"excerpt":{"rendered":"<p>\u00d6stanby ist eine Gruppe, die es sich zum Ziel gesetzt hat, Wikinger und Rus im Liverollenspiel (LARP) darzustellen. Wir sind bem\u00fcht die Darstellung zu einem gro\u00dfen Teil an historischen Vorlagen, was Ausr\u00fcstung, Kleidung und Charakterspiel betrifft, anzulehnen. Bei uns kommt es folglich mehr auf passende Kleidung, tolles Ambiente und sch\u00f6nes Rollenspiel, als auf eine dicke&#8230; <a href=\"https:\/\/home.xn--stanby-vxa.de\/?page_id=15\">Continue reading: \u00dcber uns<\/a><\/p>\n","protected":false},"author":1,"featured_media":0,"parent":0,"menu_order":0,"comment_status":"closed","ping_status":"closed","template":"","meta":{"footnotes":""},"class_list":["post-15","page","type-page","status-publish","hentry"],"_links":{"self":[{"href":"https:\/\/home.xn--stanby-vxa.de\/index.php?rest_route=\/wp\/v2\/pages\/15","targetHints":{"allow":["GET"]}}],"collection":[{"href":"https:\/\/home.xn--stanby-vxa.de\/index.php?rest_route=\/wp\/v2\/pages"}],"about":[{"href":"https:\/\/home.xn--stanby-vxa.de\/index.php?rest_route=\/wp\/v2\/types\/page"}],"author":[{"embeddable":true,"href":"https:\/\/home.xn--stanby-vxa.de\/index.php?rest_route=\/wp\/v2\/users\/1"}],"replies":[{"embeddable":true,"href":"https:\/\/home.xn--stanby-vxa.de\/index.php?rest_route=%2Fwp%2Fv2%2Fcomments&post=15"}],"version-history":[{"count":7,"href":"https:\/\/home.xn--stanby-vxa.de\/index.php?rest_route=\/wp\/v2\/pages\/15\/revisions"}],"predecessor-version":[{"id":170,"href":"https:\/\/home.xn--stanby-vxa.de\/index.php?rest_route=\/wp\/v2\/pages\/15\/revisions\/170"}],"wp:attachment":[{"href":"https:\/\/home.xn--stanby-vxa.de\/index.php?rest_route=%2Fwp%2Fv2%2Fmedia&parent=15"}],"curies":[{"name":"wp","href":"https:\/\/api.w.org\/{rel}","templated":true}]}}